98?
False
Does 364 divide 25414225?
False
Does 8 divide 525054144?
True
Does 24 divide 4723549968?
True
Is 18179725 a multiple of 395?
False
Is 13694323 a multiple of 17?
False
Does 89 divide 48940210?
True
Does 87 divide 89788401?
False
Is 42 a factor of 154267050?
True
Is 1333301850 a multiple of 185?
False
Is 1678 a factor of 356590469?
False
Is 2255098872 a multiple of 8?
True
Does 20 divide 487941260?
True
Is 44021639 a multiple of 203?
False
Is 194 a factor of 11946671?
False
Does 4 divide 1090730970?
False
Is 68695000 a multiple of 260?
False
Is 11 a factor of 18794458?
False
Is 120 a factor of 73399016?
False
Is 27 a factor of 19123776?
True
Is 19 a factor of 17522636?
True
Is 7345 a factor of 4761587220?
True
Is 227192992 a multiple of 598?
False
Is 5909313 a multiple of 13?
False
Is 70 a factor of 172844490?
True
Does 291 divide 5602041?
True
Is 69 a factor of 149660103?
True
Is 183803090 a multiple of 341?
False
Is 74 a factor of 10352748?
True
Does 15 divide 1915729666?
False
Is 4 a factor of 352949852?
True
Is 1688368902 a multiple of 242?
True
Is 1030 a factor of 93999682?
False
Is 3104426 a multiple of 26?
True
Is 38277129 a multiple of 517?
True
Is 10796407 a multiple of 519?
False
Is 162 a factor of 1117257462?
True
Does 4195 divide 147726783?
False
Is 208411970 a multiple of 215?
True
Does 47 divide 25811178?
True
Does 2922 divide 20521716?
False
Is 272 a factor of 358749487?
False
Does 516 divide 26835596?
False
Is 95 a factor of 7768884?
False
Is 15911343 a multiple of 609?
True
Does 2338 divide 419442075?
False
Is 186622453 a multiple of 39?
False
Does 3842 divide 4491044428?
True
Does 49 divide 109291983?
False
Does 490 divide 9332056?
False
Is 4871 a factor of 128313564?
False
Is 679 a factor of 1155379768?
False
Is 5832659 a multiple of 508?
False
Is 5 a factor of 8878675?
True
Does 61 divide 525703002?
True
Does 10 divide 480637319?
False
Does 26 divide 10704122?
True
Does 104 divide 31914272?
True
Is 36390449 a multiple of 124?
False
Is 44 a factor of 29998203?
False
Is 60640842 a multiple of 14?
False
Is 397047574 a multiple of 22?
True
Does 11 divide 117530925?
False
Is 88638414 a multiple of 337?
True
Is 52587282 a multiple of 13?
False
Is 235469115 a multiple of 483?
False
Is 18 a factor of 196209637?
False
Is 67 a factor of 35491348?
False
Is 9157840 a multiple of 4?
True
Is 432 a factor of 101978352?
True
Is 14 a factor of 65675848?
True
Is 44 a factor of 378739365?
False
Is 4865548250 a multiple of 90?
False
Is 9043703 a multiple of 7?
False
Is 70 a factor of 2565269140?
True
Is 652734600 a multiple of 794?
False
Does 4335 divide 138373200?
True
Is 58379463 a multiple of 509?
False
Is 99 a factor of 6528022837?
False
Is 247537236 a multiple of 12?
True
Is 14 a factor of 13498174?
False
Is 212 a factor of 819716232?
True
Is 569 a factor of 92288955?
True
Is 325 a factor of 31684009?
False
Is 62256522 a multiple of 8842?
True
Is 527 a factor of 42351828?
True
Is 3392 a factor of 523809451?
False
Is 4 a factor of 13123992?
True
Is 132 a factor of 24801636?
False
Is 496 a factor of 120336657?
False
Does 59 divide 113734341?
False
Is 42390512 a multiple of 28?
False
Is 1885 a factor of 78257660?
True
Is 887075700 a multiple of 3670?
True
Is 76 a factor of 441105900?
True
Is 10358 a factor of 1620518426?
False
Is 3437 a factor of 335524289?
False
Is 9 a factor of 102692072?
False
Is 14 a factor of 16280306?
True
Does 10 divide 186985604?
False
Is 1422 a factor of 3036084538?
False
Is 24911872 a multiple of 28?
False
Is 45674649 a multiple of 32?
False
Is 187 a factor of 1523316025?
True
Is 1446 a factor of 47018652?
False
Is 77912388 a multiple of 516?
True
Is 82687956 a multiple of 2335?
False
Is 120 a factor of 16349483?
False
Is 1063546960 a multiple of 9604?
True
Does 3051 divide 1026268099?
False
Is 18 a factor of 36874313?
False
Is 1453 a factor of 37320114?
False
Is 2301417 a multiple of 3?
True
Is 13 a factor of 17534042?
False
Is 26 a factor of 68230890?
True
Does 161 divide 22826567?
False
Is 1409 a factor of 91810440?
True
Is 80 a factor of 19644720?
True
Does 4 divide 3340869?
False
Does 200 divide 83899000?
True
Is 5 a factor of 262325236?
False
Does 14 divide 13359108?
True
Is 16 a factor of 108766112?
True
Is 400175262 a multiple of 3051?
True
Is 99 a factor of 167223474?
True
Is 3 a factor of 9766670?
False
Is 8 a factor of 1445238248?
True
Is 56935113 a multiple of 104?
False
Does 80 divide 7901760?
True
Is 144270957 a multiple of 179?
True
Is 2775635496 a multiple of 12?
True
Is 5 a factor of 5647487?
False
Does 226 divide 305047097?
False
Does 572 divide 38094628?
True
Is 30638097 a multiple of 107?
False
Does 47 divide 3216257?
True
Is 171029552 a multiple of 16?
True
Does 15 divide 136278190?
False
Is 6688584 a multiple of 207?
True
Is 1369 a factor of 123951962?
False
Is 2556995008 a multiple of 14?
False
Does 2 divide 2881717?
False
Is 41597719 a multiple of 11?
False
Is 8080277 a multiple of 838?
False
Is 6843298 a multiple of 11?
True
Does 1203 divide 11992707?
True
Is 38 a factor of 1272519840?
False
Is 1798 a factor of 302126930?
True
Is 79707544 a multiple of 58?
True
Is 3343013208 a multiple of 9?
True
Does 23 divide 712497164?
False
Is 22 a factor of 2090770?
True
Does 7 divide 350060474?
False
Is 2672 a factor of 39131440?
True
Is 250125930 a multiple of 51?
True
Does 1010 divide 2980510?
True
Is 7198464 a multiple of 7?
True
Is 1712676850 a multiple of 25?
True
Is 120 a factor of 4511042?
False
Is 133157642 a multiple of 16?
False
Is 2110168 a multiple of 15?
False
Does 93 divide 364809798?
True
Is 12 a factor of 214991640?
True
Is 36 a factor of 353875860?
True
Is 208188063 a multiple of 9?
True
Does 2 divide 2094658?
True
Does 268 divide 178163452?
True
Does 223 divide 72293477?
False
Does 9 divide 34122879?
True
Is 5759380 a multiple of 2068?
True
Is 135649130 a multiple of 763?
False
Is 1085256183 a multiple of 1627?
True
Does 141 divide 54973644?
True
Is 1670974334 a multiple of 9?
False
Is 8034853 a multiple of 10?
False
Is 437 a factor of 89734454?
True
Is 23 a factor of 8360523?
True
Is 22 a factor of 4283202?
True
Does 329 divide 301892166?
False
Does 1245 divide 92085180?
True
Is 39890130 a multiple of 15?
True
Does 204 divide 107353980?
True
Is 248 a factor of 75255856?
False
Is 551 a factor of 62700494?
True
Is 126338074 a multiple of 110?
False
Is 5594070 a multiple of 5?
True
Does 4454 divide 224871954?
False
Is 105480913 a multiple of 64?
False
Does 25 divide 38019925?
True
Is 297768 a multiple of 228?
True
Is 5660 a factor of 127836760?
True
Does 17 divide 119064260?
True
Is 9911700 a multiple of 90?
True
Is 5305505400 a multiple of 2600?
True
Is 1337 a factor of 567894761?
True
Does 82 divide 162214860?
True
Does 1309 divide 97956856?
False
Is 207 a factor of 3383698?
False
Does 695 divide 19463870?
False
Is 1759 a factor of 267236075?
True
Is 23740704 a multiple of 39?
True
Is 965 a factor of 17483766?
False
Is 516 a factor of 68750292?
True
Is 10436316 a multiple of 22?
True
Does 4697 divide 1374844779?
True
Is 43482696 a multiple of 148?
True
Does 11 divide 363105703?
False
Is 11 a factor of 239712?
True
Is 8 a factor of 19836589?
False
Does 2730 divide 200510016?
False
Is 450636497 a multiple of 1369?
False
Is 10846465 a multiple of 37?
False
Is 151 a factor of 42221861?
False
Is 753 a factor of 222778062?
True
Is 24 a factor of 13213815?
False
Is 45 a factor of 249675435?
True
Does 381 divide 19334813?
False
Is 305 a factor of 928594778?
False
Is 37198155 a multiple of 106?
False
Is 72 a factor of 99115200?
True
Is 461 a factor of 84957229?
True
Is 1666 a factor of 213128929?
False
Is 6224244 a multiple of 12?
True
Is 654 a factor of 3871465?
False
Is 14692046 even?
True
Does 3886 divide 1439949043?
False
Is 230 a factor of 325924490?
True
Is 1234 a factor of 2575214856?
True
Does 100 divide 24299300?
True
Does 20 divide 339399200?
True
Is 10253910 a multiple of 587?
False
Is 840 a factor of 10714956?
False
Is 33 a factor of 156144153?
True
Does 886 divide 814410884?
False
Is 31413683 a multiple of 2063?
False
Is 739177400 a multiple of 50?
True
Is 39336423 a multiple of 23?
False
Is 4416319 a multiple of 230?
False
Does 7 divide 4673598?
False
Does 13 divide